 m - 4 + 1 + 3 + 4. Let z be t(-3). Determine g(z).
8
Suppose -5*q + 14 = 4. Let y(x) = -4*x**2 - 13*x**q + 1 + 5*x**2. Give y(-1).
-11
Suppose 2*q = g - 4*g + 85, -g - 4*q = -15. Let b be g/6 + 4/(-24). Let v = 0 - b. Let r(l) = l + 2. What is r(v)?
-3
Let y(l) = -l**3 - 5*l**2 + 5*l + 1. Suppose 18*t = 17*t - 6. Determine y(t).
7
Let p(o) be the first derivative of 2 - 1/2*o**4 - 2*o - 1/3*o**3 + 1/2*o**2. Let k(u) = -2*u**2 + 2*u + 2. Let i be k(2). Determine p(i).
8
Let k(a) = -4*a + 2 + 1 + a**3 - a**2 + 0*a. Let r = 17 - -6. Let q = r - 21. Calculate k(q).
-1
Let p(j) = 3 - 3 + j. Let k(t) = -6*t. Suppose -w + 3 = -2. Let i(h) = w*p(h) + k(h). Give i(-5).
5
Let j(i) be the second derivative of 1/6*i**3 + 0 + 3*i - i**2. Determine j(2).
0
Let m(b) be the third derivative of 1/6*b**3 - 1/3*b**4 + 0 - 3*b**2 + 0*b. Determine m(1).
-7
Let i(g) = g**2 + 4*g + 1. Let c be i(-3). Let r(u) = 6*u + 2*u + 2 - 2*u. What is r(c)?
-10
Let a(c) = 0 + 2*c - 6 - 3*c**2 + 1. Let b(w) = w**2 + 1. Let h(j) = -a(j) - 4*b(j). Let y be h(1). Let i(p) = -2*p**3 - 3*p**2 - 3*p - 2. Calculate i(y).
8
Let a be (6/8)/((-2)/(-8)). Suppose -3*v = 3*l - a, 3*v = -5*l + 2 + 1. Let o(s) = 4*s**2 - s + 1. Determine o(v).
4
Let l(p) = p**2 + 4. Let v(k) = k**2 + 8*k + 7. Let t be v(-7). Suppose -4*d + 3*d = t. Determine l(d).
4
Let m(o) = 5*o**2 + 2*o - 1. Let l be (-2 + 1)/(-1 + 0). Give m(l).
6
Let r be (-2)/7 - 9/(-7). Let v(z) be the third derivative of 2*z**2 - 1/60*z**5 + 0 + 0*z**4 + 1/6*z**3 + 0*z. What is v(r)?
0
Suppose 4*v - 10 = h + 2, -5*h = -2*v + 6. Let x(d) = -d + 3 - 4 + h*d**3 + d**3. Give x(0).
-1
Let f(p) = p**3 + 6*p**2 + 5*p - 6. Let u be 14/63 - 43/(-9). Let m be -1*(0 - -1)*u. What is f(m)?
-6
Let r(s) = 5027 - 5027 + 17*s. Calculate r(-1).
-17
Let l = 114 + -118. Let b(v) be the first derivative of v**3/3 + 3*v**2/2 + 4*v + 1. Determine b(l).
8
Let l(w) = -w**2 + w + 1. Let a(t) = t**3 + t**2 + 12*t + 14. Let x(o) = -a(o) + 6*l(o). Calculate x(-6).
-8
Suppose -9*q = -15*q + 30. Let l(m) = m**3 - 6*m**2 + 6*m - 6. Give l(q).
-1
Let w(n) = n**2. Let x be w(-2). Let q(r) = -r**2 + 4*r - 5. Determine q(x).
-5
Let a(z) = -z**2 - z. Let f(g) = -g**2 + 1. Let w(d) = -3*a(d) + 4*f(d). What is w(5)?
-6
Suppose 0 + 20 = -4*p. Let f(n) = -3*n**3 - 6*n**2 - 3*n + 3. Let r(v) = -16*v**3 - 30*v**2 - 14*v + 14. Let c(q) = -11*f(q) + 2*r(q). Determine c(p).
-5
Let y be (12/(-14))/((-1)/(-7)). Let x(m) = 7*m - 1. Let l(j) = -j. Let b(o) = y*l(o) - x(o). What is b(4)?
-3
Let z(g) be the second derivative of g**4/12 - 2*g**3/3 + 2*g**2 - 4*g. Give z(5).
9
Suppose 2*z - 3*z = 2, -6 = -4*c - 5*z. Suppose -c = -2*r + 6*r. Let x(s) = -6*s**3 + 1. Determine x(r).
7
Suppose 3*s + 9 = -m, -3*m - 7 - 10 = 4*s. Let d(h) = 2*h**2 + 3*h. Determine d(m).
9
Let p(c) be the first derivative of 7*c**4/4 - 2*c**3/3 + c - 1. Suppose 0 = 3*n - 2 + 5. Give p(n).
-8
Let b(t) = -5*t**3 - 2*t**2 + 2*t - 10. Let k(g) = g**3 - g**2 + g. Let p(q) = b(q) + 4*k(q). Let n(i) = 3*i - 1. Let d be n(-2). Give p(d).
-3
Let d(o) = o**2 - 3 - 366*o + 3 + 359*o. Suppose 0 - 2 = -2*x + 5*z, -4*z = -4*x + 16. Calculate d(x).
-6
Suppose -4*g - 3*a = 1 - 7, 0 = -2*g - 2*a + 2. Let m = -5 + g. Let z(i) = 2*i**2 + 2*i + 2. What is z(m)?
6
Let f be (0 - 2)*(-33)/6. Suppose -4*s + 1 + f = 0. Let a(h) = h - h + s*h. Give a(1).
3
Suppose -8 = -4*s, 4*s - 8 = -p - p. Let n(q) = 2*q**2 - 7*q - 16. Let z(h) = -h**2 + 3*h + 8. Let y(g) = -3*n(g) - 7*z(g). What is y(p)?
-8
Let t be (3/(-5))/(4/20). Let d be -1*(12 - 3)/t. Let k(q) = -6*q + q**2 + d*q - 2 + 2*q. Calculate k(0).
-2
Let u(r) = -55*r + 5 + 57*r - 11. Determine u(5).
4
Let s(x) = -x**3 + 2*x**2 + 3*x + 4. Let c be ((-2)/(-3))/(2/9). Let u be s(c). Let g(i) = 2*i - 5*i + u*i - 4. Determine g(4).
0
Let u(d) = d + 10. Let g be u(-10). Suppose g*y - 5 = -2*c - 3*y, -20 = -4*y. Let f(k) = k**3 + 6*k**2 + 6*k + 7. Determine f(c).
2
Let i(k) be the first derivative of -k**4/4 - 4*k**3/3 + 3*k**2 + 1. Suppose 5*j + 31 = -5*z + 3*j, 3*z = -2*j - 21. Calculate i(z).
-5
Suppose -3*y - 6 + 0 = 2*d, -5*y + d + 3 = 0. Let v(f) = 2*f + 0*f - 1 - 4 + y*f. Calculate v(6).
7
Let d(q) be the first derivative of -1/2*q**3 + 0*q - q**2 - 1/24*q**4 + 1. Let z(w) be the second derivative of d(w). Determine z(-4).
1
Suppose -4*w = 3*u - u, -2*w - 10 = -4*u. Let x(i) = -5*i + 0*i + 2*i**u - i**2 + 2. Determine x(3).
-4
Suppose 0 = -2*i + u - 13, 5*i = 5*u + 2 - 32. Let o(s) = -2*s - 8. Determine o(i).
6
Let l(f) be the first derivative of f**4/4 + f**3/3 - 6*f + 6. Calculate l(0).
-6
Let l = 5 + -3. Let v be (0/(-1))/(-3) - -2. Let p(m) = -5 - v*m + m + 3 + 0. Determine p(l).
-4
Let z be (0 - -1 - 0)*-1. Let p(g) = -3*g + 1. What is p(z)?
4
Let j(p) = p**3 + p + 1. Let u(t) = -7*t**3 + 5*t**2 - 12*t - 1. Let k(z) = 6*j(z) + u(z). Let g be (-2)/(-6) + (-11)/(-3). Calculate k(g).
-3
Let r(m) = 3*m**2 - 2*m + 1. Let o = -43 - -44. What is r(o)?
2
Suppose -3*q = 2*q. Let f(y) be the first derivative of 0*y - 1/3*y**3 - 4 + 0*y**2. Calculate f(q).
0
Let i(y) = 9*y - 1. Suppose 0*u = -4*u - f + 4, 5*f + 3 = 3*u. Give i(u).
8
Let l(b) = -b**2 - 2. Let c(z) = 2*z**2 + 5. Let k(j) = 3*c(j) + 7*l(j). What is k(-1)?
0
Suppose -5*n + 3 + 20 = -4*f, -4*n = -3*f - 18. Let q(o) = -30*o**3 - o - 3*o**2 + 14*o**3 + 14*o**3 - 2*o. Give q(f).
10
Let h(v) be the third derivative of 1/24*v**4 + 0 + 2*v**2 - 7/6*v**3 + 0*v + 1/60*v**5. Calculate h(0).
-7
Suppose 0 = 5*x - 7 - 8. Let w = -1 + x. Suppose -5*u = -4*z - w - 0, 4*z = -3*u + 14. Let n(s) = 3*s**2 - 3*s. What is n(z)?
6
Let c(q) = -q - 1. Suppose 6 - 2 = 4*p. Let i be (-1)/(p/(-4)*1). Calculate c(i).
-5
Let d(b) = -b**3 + 3*b**2 + 4*b - 1. Let q(f) = f**3 - 9*f**2 - 11*f + 13. Let h be q(10). What is d(h)?
11
Let z(k) = -k**2 - 4*k + 5. Let a be (-8 + -1)/(3/2). Let v = a - -2. Give z(v).
5
Let x(t) be the first derivative of -3*t**2/2 + 2*t + 9. What is x(3)?
-7
Let i(y) be the second derivative of y**3/6 - y**2 + 8*y. What is i(4)?
2
Let x = 11 - 7. Let c be 2/(3/(2 + x)). Let z(h) = -5*h + h**2 + 3 + 5 - 4. What is z(c)?
0
Suppose 0 = -5*c - 15, -3*w + 5 = -3*c - 1. Let m(r) = 13*r**2 - 1. Let b be m(w). Let s be (8/6)/((-4)/b). Let y(f) = f**2 + 2*f - 3. Give y(s).
5
Let i(g) = -g. Let j be i(-1). Let q(m) = -j + 15*m - 14*m + 0. Let f(v) = -v**2 - 7*v - 3. Let n be f(-7). What is q(n)?
-4
Let x(z) be the third derivative of -z**4/8 + 3*z**2. Let d be (-2 + 1)*-1 + -2. Give x(d).
3
Let v(g) = 3*g - 12. Let j(t) = 3*t - 13. Let d(k) = 5*j(k) - 6*v(k). Suppose -5*l - z = -28 + 6, 0 = -4*l + z + 23. Determine d(l).
-8
Suppose u - 3*u - 2*a = 6, -4*a = u + 18. Let m(o) = 1 + 3*o**2 + 4*o**2 + 0*o**u. Give m(1).
8
Let n = 0 + 3. Let z be 1/((-5 - -2)/n). Let l = z - -5. Let m(y) = y - 2. What is m(l)?
2
Let p(f) be the second derivative of 1/12*f**4 - 3*f**2 - f + 1/6*f**3 + 0. What is p(0)?
-6
Let d(f) = -f + 23. Let p be d(18). Let y(j) = -j**3 + 6*j**2 - 6*j + 7. Calculate y(p).
2
Let i(j) = -j**2 - 4*j - 3. Suppose -1 = -4*p + 7. Suppose p*l = 1 - 9. What is i(l)?
-3
Let m(b) = -2*b + 0 + 2 + 0. Suppose f - z = -3, -4*f + z = 9 + 3. What is m(f)?
8
Let d(k) = 11*k + 1. Let y(x) = -x - 5. Let o be y(-7). Give d(o).
23
Let l(j) be the second derivative of j**3/2 + 4*j**2 - 2*j. Let m(f) = -2 + 7 - 4. Let u(a) = -l(a) + 6*m(a). What is u(-2)?
4
Let s(y) = -y + 0*y + 7*y**2 - 11*y**2 - 3 - 4*y - y**3. What is s(-3)?
3
Let v = 5 + -5. Let b(g) = 4 + 1 + g**2 + 5*g**3 + v*g**3 - g - 6. Give b(-1).
-4
Let n(l) = -5*l - 2*l**2 + 3 + 3*l**3 - 4*l**3 - 3*l**2. Let w = 18 - 8. Let t be 5*2*(-4)/w. Give n(t).
7
Let b(m) = -m**2 + 6*m - 8. Suppose 14 = -c - 5*y, c - y + 6 = -4*y. What is b(c)?
-8
Let t(p) be the first derivative of p**4/4 + 2*p**3 + 7*p**2/2 + 5*p - 5. Let y(x) = -4*x + 3. Let c be y(2). Let f be (c/2)/(1/2). What is t(f)?
-5
Let v(t) = -7*t**3 + t**2 + 4*t + 2. Let h(z) = 3*z**3 - 2*z - 1. Let i(a) = -5*h(a) - 2*v(a). What is i(-3)?
4
Let h(v) = v**2 + 4*v + 2. Suppose -n + 3*n + 10 = 0. Determine h(n).
7
Suppose 0 = -6*o + o - 30. Let h(n) be the third derivative of n**4/24 + n**2. What is h(o)?
-6
Let c(k) be the second derivative of -k**2 + 3*k + 0 - 1/6*k**4 - 1/6*k**3. Determine c(-2).
-8
Let h(f) = 5*f**2 + 6*f + 1. Let